9). Suppose -8*r - b = -11*r. Suppose -29*u = -r*u + 159. What is the units digit of u?
3
Suppose -3*i = -6, 17*i + 94454 = 2*m + 6*i. What is the tens digit of m?
3
Let z(m) = -9*m**3 - 6*m**2 - 7*m - 29. Let x be z(-5). Suppose 4*q - 2501 = -3*l, 685 = 2*l + 4*q - x. What is the hundreds digit of l?
8
Let c = 22 - 19. Suppose c*r - 81 = 1509. Suppose -5*b + r = -3*l, -9*l - 113 = -b - 7*l. What is the hundreds digit of b?
1
Let f(b) = 2*b**2 - b**2 + 75 + 30*b - 29*b - 17. What is the hundreds digit of f(-17)?
3
Suppose j + 5*j - 90 = 0. Suppose 8*h - 11592 = -j*h. What is the units digit of h?
4
Suppose -11*a - 34 + 111 = 0. Let y(b) = b**2 + 10*b + 2*b + a - b + 5*b. What is the units digit of y(-16)?
7
Let a = -1 + 23. Suppose 0 = a*x - 21*x. Suppose x = 13*j - 5*j - 144. What is the tens digit of j?
1
Suppose -4*a - 245 = -2*n - 743, -n = 5. Suppose -279 = -x + a. What is the tens digit of x?
0
Let d(n) = -2384*n + 1663. What is the hundreds digit of d(-1)?
0
Let o = 143 - 586. Let a = o + 998. What is the hundreds digit of a?
5
Suppose 168 = 10*k - 2*k. Suppose -3*z - k = 5*j - 567, 3*z - j - 564 = 0. Suppose 0 = 2*b - 4*l - 196, -2*b = l + 1 - z. What is the units digit of b?
4
Let o(i) = 129*i**2 + 200*i + 1779. What is the tens digit of o(-9)?
2
Suppose -47*a = 38*a - 8*a - 411180. What is the hundreds digit of a?
3
Let p(w) = 12064*w**3 + w**2 + 7*w - 7. What is the hundreds digit of p(1)?
0
Let x be 3/(-6) + 22/(-4). Let j be 1 - -3 - (x - -10). Suppose -3*h - 4*a + 89 = 0, -a - 3*a - 4 = j. What is the units digit of h?
1
Let r be 15/(-2)*66/33. What is the hundreds digit of (-5)/2*(-117)/r*-20?
3
Let j(l) = -118*l + 2549. What is the tens digit of j(0)?
4
Let j(a) = -a**3 - 18*a**2 + 19*a + 3. Let m be j(-19). What is the tens digit of 317 - m/(6/(-8))?
2
Let b be 5/(16/5 + -3). What is the tens digit of (-410)/b*(1 - 106)?
2
Suppose 0 = -8*w + 4*w + 416. What is the units digit of (3 + (3 - 1))/(8/w)?
5
What is the ten thousands digit of ((-2)/(-12) - (-471702)/36) + (-16)/8?
1
Suppose a - 74 = 147. What is the units digit of 1/(-4)*13/(a/(-94044))?
3
Let d(f) = 13*f - 124. Suppose 0 = 106*t - 104*t - 74. What is the units digit of d(t)?
7
Let t(r) = 2*r**2 - 16*r - 13. Let q be t(9). Let i be (0 + q)*(-6)/15. Let k(c) = -4*c**3 + c**2 + c + 1. What is the tens digit of k(i)?
3
Let f(q) = -12*q - 2 + q**3 + 8 - 12*q**2 + 10. Let t be f(10). Let x = t + 471. What is the hundreds digit of x?
1
Let c be 130/(-117)*(-9)/2. Suppose 2*q + 2*q - 852 = -3*f, -c*f + 1415 = 5*q. What is the hundreds digit of f?
2
Suppose -a + 12605 = n, -10 = 4*a + 10. What is the tens digit of n?
1
Suppose -2*f = -3*m + 11, -m + 2 = 5*f - 4*f. Suppose -t = -m*t - 68. Let v = 45 - t. What is the units digit of v?
9
Suppose 0 = -111*m + 74*m + 620453. What is the hundreds digit of m?
7
Let j be (-235 - -1)*(-10)/15. Let r be 2/12*7*3252/14. Let u = r - j. What is the hundreds digit of u?
1
Let q(k) = -k**3 - 20*k**2 + 44*k. Let f be q(-22). Suppose f = -14*s + 7898 + 5920. What is the hundreds digit of s?
9
What is the units digit of 36/(-20) + 716742/90?
2
What is the thousands digit of (-78)/(-6) + -13 + 11613?
1
Suppose 454 = 9*r - 104. Let w = 64 - r. What is the units digit of 715/88 + w/(-16)?
8
Suppose 135 = -l + 141. Suppose -3*j + 5 = i - 5, 12 = -4*j + 5*i. Suppose 0 = 2*w + 2 + l, -2*k + 46 = -j*w. What is the tens digit of k?
1
What is the thousands digit of -3*(1*35607/(-12) + (-19)/(-76))?
8
Let c(k) = -k**3 - 5*k**2 + 2. Let i be c(-5). Suppose -5*n + i = -43. What is the hundreds digit of (-44)/3*(405/(-6))/n?
1
Let p(m) = -m**2 - 130*m + 29347. What is the tens digit of p(0)?
4
Let d = 12036 + -6099. What is the hundreds digit of d?
9
Let u(f) = -f**2 - 16*f - 11. Let w be u(-15). Suppose s - 5*o - 364 = 0, w*s = -3*o + 805 + 536. What is the tens digit of s?
3
Let b = -151 + 304. Let s = -276 + 197. Let m = b + s. What is the tens digit of m?
7
Let i(v) = v**3 - 6*v**2 + 3*v + 4. Let y be i(11). Let q = -26 + y. What is the tens digit of q?
1
Let v(x) = 18*x**2 - 19*x + 39. Let n be v(13). Let b = -1637 + n. What is the thousands digit of b?
1
Suppose 9*r + 581 - 2417 = 0. Suppose 0 = -l - 2*a + r, -l = a - 0*a - 209. What is the units digit of l?
4
Let n = -1107 - -1111. Suppose 7*m - 2*m - 3210 = 0. Suppose -n*w = -w - m. What is the hundreds digit of w?
2
Suppose 3*y - 211 - 953 = -3*m, -3*m = 4*y - 1167. Suppose 2*f - 785 = j, f - 5*j - m = -6*j. What is the units digit of f?
0
Suppose 17*r - 8*r - 36 = 0. Suppose -5*s - r*b + 950 = 0, 2*b - b = -3*s + 577. What is the hundreds digit of s?
1
Let d(x) = 2*x**2 + 9*x + 12. Let z be d(7). Suppose -z = -2*b + 13. Suppose -3*o + 6*o - b = 0. What is the tens digit of o?
3
Let z(j) be the second derivative of 19*j**3/6 - j**2 + 17*j. Let n be z(2). Let w = n - -24. What is the tens digit of w?
6
Let c = -7260 - -13324. What is the tens digit of c?
6
Suppose -8*f - 17910 = -18*f. Suppose -10*t + f = -t. What is the units digit of t?
9
Suppose 8*a = -0*a + 6408. Suppose 4*s = -5*w + 902 + 3158, w + 3*s = a. What is the hundreds digit of w?
8
Let l be 4892/12 + 8/24. Let i = l + -22. What is the hundreds digit of i?
3
Let u(d) = -6*d - 30. Let f be u(-7). Suppose 0 = -4*g - f, -4*g - 18 - 72 = -2*o. What is the tens digit of o?
3
Let y = 171346 - 102156. What is the tens digit of y?
9
Suppose 326*r = 325*r + 1917. Suppose 5*t + 5*y - 3353 + 938 = 0, y - r = -4*t. What is the units digit of t?
8
Let l(n) = 24*n**2 + 10*n - 29. Let x(m) = -m + 1. Let h(q) = l(q) + 2*x(q). What is the tens digit of h(5)?
1
Let v = -663 + 674. What is the hundreds digit of (v - 19)/((-1)/140) + 2?
1
Let c(p) = p**3 + 8*p**2 + 2*p - 6. Let n be c(-8). Let b(k) = k**2 + 6*k - 56. What is the tens digit of b(n)?
9
Let o = -551 + 555. Suppose 4*s + 1214 = 3*a, -1614 = -4*a - s + o*s. What is the hundreds digit of a?
4
Suppose 5551*i - 5606*i + 124025 = 0. What is the hundreds digit of i?
2
Suppose -4*z + 10356 = 5*g, 10356 = 4*z + g + 2*g. What is the thousands digit of z?
2
Let d be (-24)/(-20)*(15 + -10). What is the thousands digit of 1 - d - -2*(-10408)/(-16)?
1
Let w(r) = -2*r**2 + 11*r + 11. Let z be w(9). Let s = z - -83. Let v = 32 + s. What is the tens digit of v?
6
Suppose -5*t - 2139 = -2*u + 1511, 5*u = -2*t + 9096. What is the units digit of u?
0
Let p = 1994 - -1957. What is the hundreds digit of p/(-2)*(-5 + (-104)/(-24))?
3
Suppose -4*q - 48024 = -4*j, -20*q = -4*j - 25*q + 48069. What is the ten thousands digit of j?
1
Let y(o) = o**2 + 1. Let a(g) = 5*g**2 + g - 6. Let z(w) = -a(w) + 6*y(w). Suppose -6 = 3*d + 3*u + 12, -5*d + 5*u - 20 = 0. What is the units digit of z(d)?
2
Suppose -3*t + 36 = -0*t. Suppose -1573 = -k - t*k. What is the tens digit of k?
2
What is the thousands digit of (0 + 2)*2027/2 - (3 - -3)?
2
Let a(d) = -d**2 - 11*d - 15. Let x be a(-11). Let g(p) = 2*p**2 + 15*p - 48. Let j be g(x). Let k = j - 84. What is the units digit of k?
3
Suppose -480 = -2*o - 2*b + 86, -3*o + 877 = -4*b. Let r = o + -184. What is the hundreds digit of r?
1
What is the units digit of -4*(-4 - 1617/44)?
3
Suppose -135*p + 132*p - 6999 = -f, 3*f - 21077 = -p. What is the tens digit of f?
2
Let r = 9599 + -4170. What is the hundreds digit of r?
4
Let d(j) = -3*j - 59 - 18 + 12*j. Let a be d(0). Let n = a + 94. What is the tens digit of n?
1
Suppose -4*x - 88 - 494 = w, -4*w - 2*x - 2286 = 0. Let h = 69 - w. What is the tens digit of h?
3
Suppose -5*l + 29 = -3*c, -l - 3*l + 4*c + 28 = 0. Suppose -2*w = 2*w - 4*v - 1316, -l*w = 2*v - 1310. What is the tens digit of w?
2
Suppose 264*u - 204*u - 2454600 = 0. What is the tens digit of u?
1
Let h(b) = 15*b - 38. Suppose -77 = -3*n - 2*z, -4*n + 2*z + 76 = -2*z. What is the hundreds digit of h(n)?
3
Suppose 688*i = -5*j + 687*i + 144990, i + 86986 = 3*j. What is the hundreds digit of j?
9
What is the hundreds digit of (-18)/(-16) - 1 - 9679635/(-1512)?
4
Suppose -7*c + 4099 = 1201. Let h = c - 91. What is the units digit of h?
3
Suppose s + 4*s - 7 = 3*d, 4 = -d + 2*s. What is the hundreds digit of ((-1677)/(-6) + d)*2?
5
Let w(n) = n**3 - 14*n**2 + 26*n - 22. Let t be w(12). Suppose 4*z = 5*v - 0*v + 1387, -1069 = -3*z - t*v. What is the tens digit of z?
